 j.
5
Let h(m) = -354*m - 3200. Let f be h(-16). Calculate the greatest common divisor of 21 and f.
7
Suppose -2*s - 17*w + 18*w = -46, 94 = 4*s - 3*w. Suppose -k - 4*r + 13 = -15, k - 2*r - s = 0. Calculate the highest common factor of k and 192.
24
Suppose 0 = 5*m - 25, -m + 181 = -3*l + 44. Let y = l - -60. What is the highest common divisor of y and 112?
16
Let k = -68 + 114. Let z = 60 - k. What is the greatest common factor of 8 and z?
2
Suppose -3*c - 56*m + 2518 = -52*m, -3*c = -2*m - 2548. What is the highest common divisor of 126 and c?
18
Let k(m) = -13*m**2 + 298*m - 199. Let p be k(22). Calculate the highest common factor of 8255 and p.
65
Suppose -5*v - 2*t = -2*v - 75, t = -5*v + 125. Suppose 38*x = v*x - 195. Let s be 368/60 - (-2)/x. What is the highest common divisor of 48 and s?
6
Let n(g) = -8*g**2 + 30*g - 23. Let s be n(2). Calculate the highest common factor of s and 295.
5
Suppose -15*g - 56*g + 2294 = 448. Calculate the greatest common divisor of 8489 and g.
13
Suppose 5*x + 291 = 3*z - 232, -x + 177 = z. Let u(i) = 14*i + 78. Let h be u(-4). Calculate the highest common factor of z and h.
22
Let t be (-44)/64*-4*40. Let k be (-11 - -2)*40/(-12). What is the highest common divisor of t and k?
10
Let v(n) be the third derivative of -7*n**4/24 - 13*n**3/6 + 3*n**2. Let z be v(-7). Suppose -5*o + 99 = -z. What is the greatest common factor of 9 and o?
9
Suppose 3*s + 0*g - 5749 = -g, 2*s - 5*g = 3810. Suppose 3*d - 1900 = 4*x, -7*d + 4*d + s = -x. Calculate the highest common divisor of 80 and d.
80
Suppose 10*f - 17*f + 77 = 0. Let k(m) = -m**3 + 18*m**2 - 19*m - 53. Let r be k(f). What is the greatest common factor of 45 and r?
45
Suppose 2*z + 0*j = 4*j + 1396, 0 = 5*z - 5*j - 3460. What is the greatest common factor of z and 784?
98
Suppose 5*m = 325 + 245. Suppose 0 = -5*o + 2*i + 772, 8*o - 791*i = -787*i + 1240. What is the greatest common factor of m and o?
38
Suppose 5*s + 3*g = 97, -s + 2*g + 22 = -0*s. Let v be 75/s - (-2)/8. Let m be 12/2 - (1 + 1). Calculate the highest common divisor of m and v.
4
Let c(r) be the second derivative of -r**4/12 - 7*r**3/6 - 3*r**2/2 - 70*r. Let z be c(-4). What is the greatest common factor of z and 99?
9
Let s(x) be the third derivative of -x**5/60 - 7*x**4/4 - 11*x**3/6 + 104*x**2. Let i be s(-20). What is the highest common divisor of i and 33?
33
Let u(k) be the third derivative of 11*k**5/15 - 7*k**4/24 + 14*k**3/3 + 3*k**2 + 19. Let c be u(4). What is the greatest common factor of c and 44?
44
Let d = -51 + 101. Suppose -600 = -62*g + 56*g. What is the greatest common factor of d and g?
50
Let b(m) = -71*m**2 + 35*m + 6. Let f(q) = -24*q**2 + 11*q + 2. Let z(x) = -3*b(x) + 8*f(x). Let g be z(2). Calculate the greatest common divisor of 128 and g.
16
Suppose 19*t - 18816 = -373*t. Calculate the greatest common factor of t and 2436.
12
Let h(v) = -7*v - 10. Suppose 6*b - 6 = 9*b. Let k be h(b). Suppose -2*j = -4, -k*f - 3*j = -j - 40. What is the highest common divisor of f and 36?
9
Suppose -194*o - 146 = -223*o + 86. Let c(j) = j**3 + 8*j**2. Let p be c(-8). Let i be p + (33 + 1 - 2). What is the highest common factor of o and i?
8
Suppose 697*c = 703*c - 12. Suppose 5*d - 2*n = n + 2021, 818 = c*d + 2*n. What is the highest common divisor of 29 and d?
29
Let i be 24*11/11 + -9. Calculate the highest common divisor of i and 5595.
15
Suppose -2*x + 521 - 57 = k, -4*x - 3*k = -922. What is the highest common factor of 47 and x?
47
Let q be 5898 + (11 - 18) - 3/6*16. What is the greatest common divisor of q and 444?
111
Let z = -18 + 39. Let n(m) = 4*m**2 + 18*m + 39. Let v be n(-3). What is the greatest common factor of z and v?
21
Suppose -n + 4*r + 15 = 0, 2*r = -n - 0*r + 3. Suppose -3*c = n - 4. Let b be c - -16 - (-7 + 9). Calculate the greatest common divisor of b and 13.
13
Let g be (-2 + 7)/(21/14 - 1). Let f be -7 + g + 205/1. What is the highest common factor of 26 and f?
26
Let h = 23 - 10. Suppose 0 = 4*n - 5*w - 126, 2*n - 267 = 4*w - 213. Calculate the greatest common divisor of n and h.
13
Let r = -12172 - -16644. What is the greatest common divisor of r and 16?
8
Let m be (1 - -10) + (21 - 43 - -9651). Calculate the greatest common divisor of m and 80.
40
Let d = -474 + 334. Let k = -102 - d. What is the greatest common divisor of 171 and k?
19
Suppose 52 = 2*h + 2*b - b, 60 = 2*h + 3*b. Let t be 100/24 + (-4)/h. Let i be t/10 - 494/(-65). Calculate the highest common divisor of i and 136.
8
Let r(u) = -3*u**3 + 7*u**2 - 5*u + 2. Let c be r(4). Let v = c + 176. Let l be (-550)/(-14) + 1900/(-6650). Calculate the greatest common divisor of v and l.
39
Let n = 9570 + -9552. What is the greatest common factor of 2028 and n?
6
Suppose 207232 = 123*t - 11462. Calculate the highest common factor of 322 and t.
14
Suppose -62*y + 97897 - 4649 = 0. Calculate the greatest common factor of y and 470.
94
Let p = 180 - 74. Let y = 87 - 177. Let r = p + y. What is the highest common factor of r and 40?
8
Let u be 20/30*21 + 101. What is the highest common factor of 575 and u?
115
Suppose 6 = -234*c + 235*c. Suppose c*d + d = 672. Calculate the greatest common divisor of 32 and d.
32
Let s be (-35)/(12/((-4032)/70)). What is the greatest common factor of 546 and s?
42
Suppose 0 = -18*z - z + 722 + 8512. Calculate the greatest common factor of z and 270.
54
Suppose 100 = q + 2*i, -q + 5*i = i - 70. Suppose 2*r = -0*r + 240. Calculate the greatest common factor of q and r.
30
Suppose -58*c + 59*c - 108 = 0. Suppose -114*k = -c*k - 54. Let r be ((-3)/(-2))/((-3)/(-234)). Calculate the greatest common factor of k and r.
9
Let j = -316 - -88. Let t = 229 + j. Calculate the highest common divisor of 73 and t.
1
Let p be 2/(-8) + 4/16*-347. Let f = p + 31. Let i be 2/(-7) + (-72)/f. What is the highest common divisor of i and 4?
1
Let i be (3*7/105)/(2/50). Suppose 3*a + 55 = 8*a + i*p, -p = 5*a - 51. Let z be (-6)/9*(-3)/1. Calculate the greatest common factor of z and a.
2
Let f(u) = 9*u**3 - 6*u**2 + 15*u - 15. Let b be f(5). What is the highest common divisor of b and 6003?
207
Suppose 8*o - 355 = -3*d, o + 81*d - 78*d = 47. Calculate the highest common factor of 99 and o.
11
Let n = 7309 + -6830. Calculate the highest common factor of n and 1.
1
Let w(h) = -6*h - 30. Let u be w(-8). Suppose 6*z - u + 6 = 0. Let s = 36 + -30. What is the greatest common divisor of z and s?
2
Suppose 43*a - 44*a = -357. Let y = 36 + -15. Calculate the greatest common factor of y and a.
21
Suppose -30*l = -33*l + 4*o + 1311, -4*l + 1704 = 2*o. Calculate the greatest common factor of l and 455.
13
Suppose -5*z - 4*k = 2827, 36*z = 31*z + k - 2837. Let o = -398 - z. Calculate the highest common factor of o and 39.
13
Let g(r) = -28*r - 5. Let w(b) = b**2 + 4*b + 1. Let z(a) = g(a) + 5*w(a). Let u be z(-6). What is the highest common divisor of u and 12?
12
Suppose -11*b = -34*b + 6003. Suppose 0 = 8*z - b - 1419. Calculate the highest common factor of z and 15.
15
Let t be (20/3)/(28/20916). Calculate the greatest common divisor of t and 747.
249
Let n = 2301 + -2129. Calculate the greatest common factor of 43 and n.
43
Suppose 0 = 4*t + 3*u + 482 + 737, -5 = 5*u. Let w = -24 - t. Let m(n) = -3941*n - 47252. Let p be m(-12). What is the highest common divisor of p and w?
40
Let w be (0/(-1) + 1)/(12/(-60)). Let l be -1 + 87 - (-16 + 6)/w. Let g = 3 - -39. What is the greatest common factor of l and g?
42
Let h be 13 - (-16 + 15 - 4). Calculate the highest common factor of h and 9.
9
Let s(t) = t**3 + 24*t**2 - 10*t - 711. Let i be s(-22). Calculate the highest common factor of i and 583.
53
Suppose 15487 = 277*c - 58765 - 9956. Calculate the highest common divisor of c and 95.
19
Suppose -4*r + 0*y = -3*y - 519, -411 = -3*r - 5*y. Let v = 133 - r. Calculate the highest common factor of 2 and v.
1
Let g be (-29)/7 - 2*(-4)/56. Let s be g + 57/3 + -2. Calculate the highest common factor of 559 and s.
13
Let j(i) = 22*i - 16. Let l be j(8). Suppose 230 = 27*n - 4*n. What is the greatest common divisor of l and n?
10
Suppose 89 = 3*x + 56. Let s be 6828/20 + 8/(-20). Calculate the greatest common factor of x and s.
11
Let s(a) = -220*a - 574. Let c be s(-3). What is the greatest common factor o